81.169.250.103 - - [09/Apr/2021:14:41:44 +0200] "POST / HTTP/1.1" 302 209 "-" "Mozilla/5.0 (X11; Linux x86_64) AppleWebKit/537.36 (KHTML, like Gecko) Chrome/81.0.4044.129 Safari/537.36"
23.228.109.147 - - [09/Apr/2021:15:23:30 +0200] "GET /assets/admin/plugins/plupload/examples/upload.php HTTP/1.1" 301 283 "http://www.google.com/" "Mozilla/5.0 (Windows NT 6.1; Win64; x64) AppleWebKit/537.36 (KHTML, like Gecko) Chrome/56.0.2896.3 Safari/537.36"
47.241.66.187 - - [09/Apr/2021:15:48:46 +0200] "GET / HTTP/1.1" 302 209 "-" "Go-http-client/1.1"
165.227.224.224 - - [09/Apr/2021:15:49:34 +0200] "GET / HTTP/1.0" 301 234 "-" "Mozilla/5.0 (Windows NT 10.0; Win64; x64; rv:82.0) Gecko/20100101 Firefox/82.0"
216.244.66.237 - - [09/Apr/2021:16:09:30 +0200] "GET /robots.txt HTTP/1.1" 301 248 "-" "Mozilla/5.0 (compatible; DotBot/1.2; +https://opensiteexplorer.org/dotbot; help@moz.com)"
175.100.20.234 - - [09/Apr/2021:16:17:55 +0200] "GET /.env HTTP/1.1" 302 213 "-" "Mozilla/5.0 (X11; Linux x86_64) AppleWebKit/537.36 (KHTML, like Gecko) Chrome/81.0.4044.129 Safari/537.36"
175.100.20.234 - - [09/Apr/2021:16:17:56 +0200] "POST / HTTP/1.1" 302 209 "-" "Mozilla/5.0 (X11; Linux x86_64) AppleWebKit/537.36 (KHTML, like Gecko) Chrome/81.0.4044.129 Safari/537.36"
104.224.28.103 - - [09/Apr/2021:16:50:50 +0200] "GET /.env HTTP/1.1" 302 213 "-" "Mozilla/5.0 (X11; Linux x86_64) AppleWebKit/537.36 (KHTML, like Gecko) Chrome/81.0.4044.129 Safari/537.36"
104.224.28.103 - - [09/Apr/2021:16:50:50 +0200] "POST / HTTP/1.1" 302 209 "-" "Mozilla/5.0 (X11; Linux x86_64) AppleWebKit/537.36 (KHTML, like Gecko) Chrome/81.0.4044.129 Safari/537.36"
216.244.66.237 - - [09/Apr/2021:16:59:33 +0200] "GET /robots.txt HTTP/1.1" 301 244 "-" "Mozilla/5.0 (compatible; DotBot/1.2; +https://opensiteexplorer.org/dotbot; help@moz.com)"
45.155.205.211 - - [09/Apr/2021:17:01:10 +0200] "POST /api/jsonws/invoke HTTP/1.1" 302 226 "-" "Mozilla/5.0 (Windows NT 10.0; Win64; x64) AppleWebKit/537.36 (KHTML, like Gecko) Chrome/78.0.3904.108 Safari/537.36"
45.155.205.211 - - [09/Apr/2021:17:01:10 +0200] "POST /vendor/phpunit/phpunit/src/Util/PHP/eval-stdin.php HTTP/1.1" 302 259 "-" "Mozilla/5.0 (Windows NT 10.0; Win64; x64) AppleWebKit/537.36 (KHTML, like Gecko) Chrome/78.0.3904.108 Safari/537.36"
45.155.205.211 - - [09/Apr/2021:17:01:10 +0200] "GET /vendor/phpunit/phpunit/src/Util/PHP/eval-stdin.php HTTP/1.1" 302 259 "-" "Mozilla/5.0 (Windows NT 10.0; Win64; x64) AppleWebKit/537.36 (KHTML, like Gecko) Chrome/78.0.3904.108 Safari/537.36"
45.155.205.211 - - [09/Apr/2021:17:01:10 +0200] "GET /solr/admin/info/system?wt=json HTTP/1.1" 302 239 "-" "Mozilla/5.0 (Windows NT 10.0; Win64; x64) AppleWebKit/537.36 (KHTML, like Gecko) Chrome/78.0.3904.108 Safari/537.36"
45.155.205.211 - - [09/Apr/2021:17:01:10 +0200] "GET /index.php?s=/Index/\\think\\app/invokefunction&function=call_user_func_array&vars[0]=md5&vars[1][]=HelloThinkPHP21 HTTP/1.1" 302 333 "-" "Mozilla/5.0 (Windows NT 10.0; Win64; x64) AppleWebKit/537.36 (KHTML, like Gecko) Chrome/78.0.3904.108 Safari/537.36"
45.155.205.211 - - [09/Apr/2021:17:01:10 +0200] "GET /wp-content/plugins/wp-file-manager/readme.txt HTTP/1.1" 302 254 "-" "Mozilla/5.0 (Windows NT 10.0; Win64; x64) AppleWebKit/537.36 (KHTML, like Gecko) Chrome/78.0.3904.108 Safari/537.36"
45.155.205.211 - - [09/Apr/2021:17:01:10 +0200] "GET /?XDEBUG_SESSION_START=phpstorm HTTP/1.1" 302 239 "-" "Mozilla/5.0 (Windows NT 10.0; Win64; x64) AppleWebKit/537.36 (KHTML, like Gecko) Chrome/78.0.3904.108 Safari/537.36"
45.155.205.211 - - [09/Apr/2021:17:01:10 +0200] "GET /?a=fetch&content=die(@md5(HelloThinkCMF)) HTTP/1.1" 302 277 "-" "Mozilla/5.0 (Windows NT 10.0; Win64; x64) AppleWebKit/537.36 (KHTML, like Gecko) Chrome/78.0.3904.108 Safari/537.36"
45.155.205.211 - - [09/Apr/2021:17:01:11 +0200] "GET /console/ HTTP/1.1" 302 217 "-" "Mozilla/5.0 (Windows NT 10.0; Win64; x64) AppleWebKit/537.36 (KHTML, like Gecko) Chrome/78.0.3904.108 Safari/537.36"
45.155.205.211 - - [09/Apr/2021:17:01:11 +0200] "POST /Autodiscover/Autodiscover.xml HTTP/1.1" 302 238 "-" "Mozilla/5.0 (Windows NT 10.0; Win64; x64) AppleWebKit/537.36 (KHTML, like Gecko) Chrome/78.0.3904.108 Safari/537.36"
45.155.205.211 - - [09/Apr/2021:17:01:11 +0200] "GET /_ignition/execute-solution HTTP/1.1" 302 235 "-" "Mozilla/5.0 (Windows NT 10.0; Win64; x64) AppleWebKit/537.36 (KHTML, like Gecko) Chrome/78.0.3904.108 Safari/537.36"
178.175.14.29 - - [09/Apr/2021:17:27:52 +0200] "POST /GponForm/diag_Form?images/ HTTP/1.1" 302 235 "-" "Hello, World"
51.91.122.75 - - [09/Apr/2021:17:31:55 +0200] "OPTIONS * HTTP/1.0" 200 - "-" "Apache/2.4.6 (CentOS) OpenSSL/1.0.2k-fips (internal dummy connection)"
51.91.122.75 - - [09/Apr/2021:17:31:56 +0200] "OPTIONS * HTTP/1.0" 200 - "-" "Apache/2.4.6 (CentOS) OpenSSL/1.0.2k-fips (internal dummy connection)"
184.105.247.252 - - [09/Apr/2021:17:51:07 +0200] "GET / HTTP/1.1" 302 209 "-" "-"
172.105.161.142 - - [09/Apr/2021:17:53:28 +0200] "GET / HTTP/1.1" 302 209 "-" "Mozilla/5.0 (Windows NT 10.0; Win64; x64) AppleWebKit/537.36 (KHTML, like Gecko) Chrome/60.0.3112.113 Safari/537.36"
45.85.90.147 - - [09/Apr/2021:17:58:45 +0200] "GET / HTTP/1.1" 302 209 "-" "Linux Gnu (cow)"
13.66.139.105 - - [09/Apr/2021:19:03:16 +0200] "GET / HTTP/1.1" 301 238 "-" "Mozilla/5.0 (compatible; bingbot/2.0; +http://www.bing.com/bingbot.htm)"
202.131.234.107 - - [09/Apr/2021:19:05:21 +0200] "GET / HTTP/1.1" 302 209 "-" "Mozilla/5.0 (Windows NT 6.1; WOW64) AppleWebKit/537.36 (KHTML, like Gecko) Chrome/51.0.2704.103 Safari/537.36"
13.66.139.105 - - [09/Apr/2021:19:13:14 +0200] "GET / HTTP/1.1" 301 234 "-" "Mozilla/5.0 (compatible; bingbot/2.0; +http://www.bing.com/bingbot.htm)"
51.91.122.75 - - [09/Apr/2021:19:21:10 +0200] "OPTIONS * HTTP/1.0" 200 - "-" "Apache/2.4.6 (CentOS) OpenSSL/1.0.2k-fips (internal dummy connection)"
51.91.122.75 - - [09/Apr/2021:19:21:38 +0200] "OPTIONS * HTTP/1.0" 200 - "-" "Apache/2.4.6 (CentOS) OpenSSL/1.0.2k-fips (internal dummy connection)"
192.241.205.252 - - [09/Apr/2021:19:22:01 +0200] "GET /manager/text/list HTTP/1.1" 302 226 "-" "Mozilla/5.0 zgrab/0.x"
45.134.225.193 - - [09/Apr/2021:19:26:23 +0200] "GET / HTTP/1.1" 302 209 "-" "Mozilla/5.0 (X11; Ubuntu; Linux x86_64; rv:76.0) Gecko/20100101 Firefox/76.0"
91.239.130.30 - - [09/Apr/2021:19:39:56 +0200] "CONNECT cdn.jsdelivr.net:443 HTTP/1.1" 302 209 "-" "Go-http-client/1.1"
91.239.130.30 - - [09/Apr/2021:19:39:56 +0200] "CONNECT cdn.jsdelivr.net:443 HTTP/1.1" 302 209 "-" "Go-http-client/1.1"
91.239.130.30 - - [09/Apr/2021:19:39:57 +0200] "CONNECT cdn.jsdelivr.net:443 HTTP/1.1" 302 209 "-" "Go-http-client/1.1"
42.83.147.202 - - [09/Apr/2021:20:08:33 +0200] "GET / HTTP/1.1" 301 234 "-" "Mozilla/5.0 (Windows NT 6.1; Win64; x64) AppleWebKit/537.36 (KHTML, like Gecko)Chrome/74.0.3729.169 Safari/537.36"
128.14.211.186 - - [09/Apr/2021:21:02:36 +0200] "GET / HTTP/1.1" 302 209 "-" "Mozilla/5.0 (Windows NT 10.0; Win64; x64) AppleWebKit/537.36 (KHTML, like Gecko) Chrome/60.0.3112.113 Safari/537.36"
192.241.212.97 - - [09/Apr/2021:21:14:49 +0200] "GET /manager/html HTTP/1.1" 302 221 "-" "Mozilla/5.0 zgrab/0.x"
163.172.168.251 - - [09/Apr/2021:21:26:08 +0200] "GET http://www.bing.com/ HTTP/1.1" 302 209 "-" "Mozilla/5.0 (Macintosh; Intel Mac OS X 10_11_1) AppleWebKit/537.36 (KHTML, like Gecko) Chrome/71.0.3578.80 Safari/537.36"
163.172.168.251 - - [09/Apr/2021:21:26:08 +0200] "CONNECT slogitracking.com:443 HTTP/1.1" 301 234 "-" "-"
163.172.168.251 - - [09/Apr/2021:21:26:08 +0200] "CONNECT slogitracking.com:443 HTTP/1.1" 301 234 "-" "-"
163.172.168.251 - - [09/Apr/2021:21:26:08 +0200] "CONNECT slogitracking.com:443 HTTP/1.1" 301 234 "-" "-"
163.172.168.251 - - [09/Apr/2021:21:26:08 +0200] "CONNECT slogitracking.com:443 HTTP/1.1" 301 234 "-" "-"
163.172.168.251 - - [09/Apr/2021:21:26:08 +0200] "CONNECT slogitracking.com:443 HTTP/1.1" 301 234 "-" "-"
163.172.168.251 - - [09/Apr/2021:21:26:08 +0200] "CONNECT slogitracking.com:443 HTTP/1.1" 301 234 "-" "-"
163.172.168.251 - - [09/Apr/2021:21:26:08 +0200] "CONNECT slogitracking.com:443 HTTP/1.1" 301 234 "-" "-"
163.172.168.251 - - [09/Apr/2021:21:26:09 +0200] "CONNECT slogitracking.com:443 HTTP/1.1" 301 234 "-" "-"
163.172.168.251 - - [09/Apr/2021:21:26:09 +0200] "CONNECT slogitracking.com:443 HTTP/1.1" 301 234 "-" "-"
163.172.168.251 - - [09/Apr/2021:21:26:09 +0200] "CONNECT slogitracking.com:443 HTTP/1.1" 301 234 "-" "-"
163.172.168.251 - - [09/Apr/2021:21:26:09 +0200] "CONNECT slogitracking.com:443 HTTP/1.1" 301 234 "-" "-"
163.172.168.251 - - [09/Apr/2021:21:26:09 +0200] "CONNECT slogitracking.com:443 HTTP/1.1" 301 234 "-" "-"
163.172.168.251 - - [09/Apr/2021:21:26:09 +0200] "CONNECT slogitracking.com:443 HTTP/1.1" 301 234 "-" "-"
163.172.168.251 - - [09/Apr/2021:21:26:09 +0200] "CONNECT slogitracking.com:443 HTTP/1.1" 301 234 "-" "-"
163.172.168.251 - - [09/Apr/2021:21:26:09 +0200] "CONNECT slogitracking.com:443 HTTP/1.1" 301 234 "-" "-"
163.172.168.251 - - [09/Apr/2021:21:26:09 +0200] "CONNECT slogitracking.com:443 HTTP/1.1" 301 234 "-" "-"
163.172.168.251 - - [09/Apr/2021:21:26:09 +0200] "CONNECT slogitracking.com:443 HTTP/1.1" 301 234 "-" "-"
163.172.168.251 - - [09/Apr/2021:21:26:09 +0200] "CONNECT slogitracking.com:443 HTTP/1.1" 301 234 "-" "-"
163.172.168.251 - - [09/Apr/2021:21:26:09 +0200] "CONNECT slogitracking.com:443 HTTP/1.1" 301 234 "-" "-"
163.172.168.251 - - [09/Apr/2021:21:26:09 +0200] "CONNECT slogitracking.com:443 HTTP/1.1" 301 234 "-" "-"
163.172.168.251 - - [09/Apr/2021:21:26:09 +0200] "CONNECT slogitracking.com:443 HTTP/1.1" 301 234 "-" "-"
163.172.168.251 - - [09/Apr/2021:21:26:09 +0200] "CONNECT slogitracking.com:443 HTTP/1.1" 301 234 "-" "-"
163.172.168.251 - - [09/Apr/2021:21:26:09 +0200] "CONNECT slogitracking.com:443 HTTP/1.1" 301 234 "-" "-"
163.172.168.251 - - [09/Apr/2021:21:26:09 +0200] "CONNECT slogitracking.com:443 HTTP/1.1" 301 234 "-" "-"
163.172.168.251 - - [09/Apr/2021:21:26:09 +0200] "CONNECT slogitracking.com:443 HTTP/1.1" 301 234 "-" "-"
163.172.168.251 - - [09/Apr/2021:21:26:29 +0200] "-" 408 - "-" "-"
163.172.168.251 - - [09/Apr/2021:21:26:39 +0200] "-" 408 - "-" "-"
51.91.122.75 - - [09/Apr/2021:21:42:51 +0200] "OPTIONS * HTTP/1.0" 200 - "-" "Apache/2.4.6 (CentOS) OpenSSL/1.0.2k-fips (internal dummy connection)"
51.91.122.75 - - [09/Apr/2021:21:42:53 +0200] "OPTIONS * HTTP/1.0" 200 - "-" "Apache/2.4.6 (CentOS) OpenSSL/1.0.2k-fips (internal dummy connection)"
51.91.122.75 - - [09/Apr/2021:21:44:59 +0200] "OPTIONS * HTTP/1.0" 200 - "-" "Apache/2.4.6 (CentOS) OpenSSL/1.0.2k-fips (internal dummy connection)"
51.91.122.75 - - [09/Apr/2021:21:45:00 +0200] "OPTIONS * HTTP/1.0" 200 - "-" "Apache/2.4.6 (CentOS) OpenSSL/1.0.2k-fips (internal dummy connection)"
51.91.122.75 - - [09/Apr/2021:21:46:30 +0200] "OPTIONS * HTTP/1.0" 200 - "-" "Apache/2.4.6 (CentOS) OpenSSL/1.0.2k-fips (internal dummy connection)"
51.91.122.75 - - [09/Apr/2021:21:46:44 +0200] "OPTIONS * HTTP/1.0" 200 - "-" "Apache/2.4.6 (CentOS) OpenSSL/1.0.2k-fips (internal dummy connection)"
51.91.122.75 - - [09/Apr/2021:21:46:45 +0200] "OPTIONS * HTTP/1.0" 200 - "-" "Apache/2.4.6 (CentOS) OpenSSL/1.0.2k-fips (internal dummy connection)"
51.91.122.75 - - [09/Apr/2021:21:47:21 +0200] "OPTIONS * HTTP/1.0" 200 - "-" "Apache/2.4.6 (CentOS) OpenSSL/1.0.2k-fips (internal dummy connection)"
51.91.122.75 - - [09/Apr/2021:21:47:36 +0200] "OPTIONS * HTTP/1.0" 200 - "-" "Apache/2.4.6 (CentOS) OpenSSL/1.0.2k-fips (internal dummy connection)"
51.91.122.75 - - [09/Apr/2021:21:47:37 +0200] "OPTIONS * HTTP/1.0" 200 - "-" "Apache/2.4.6 (CentOS) OpenSSL/1.0.2k-fips (internal dummy connection)"
51.91.122.75 - - [09/Apr/2021:21:48:46 +0200] "OPTIONS * HTTP/1.0" 200 - "-" "Apache/2.4.6 (CentOS) OpenSSL/1.0.2k-fips (internal dummy connection)"
51.91.122.75 - - [09/Apr/2021:21:49:06 +0200] "OPTIONS * HTTP/1.0" 200 - "-" "Apache/2.4.6 (CentOS) OpenSSL/1.0.2k-fips (internal dummy connection)"
51.91.122.75 - - [09/Apr/2021:21:49:07 +0200] "OPTIONS * HTTP/1.0" 200 - "-" "Apache/2.4.6 (CentOS) OpenSSL/1.0.2k-fips (internal dummy connection)"
51.91.122.75 - - [09/Apr/2021:21:51:27 +0200] "OPTIONS * HTTP/1.0" 200 - "-" "Apache/2.4.6 (CentOS) OpenSSL/1.0.2k-fips (internal dummy connection)"
51.91.122.75 - - [09/Apr/2021:21:51:55 +0200] "OPTIONS * HTTP/1.0" 200 - "-" "Apache/2.4.6 (CentOS) OpenSSL/1.0.2k-fips (internal dummy connection)"
51.91.122.75 - - [09/Apr/2021:21:51:56 +0200] "OPTIONS * HTTP/1.0" 200 - "-" "Apache/2.4.6 (CentOS) OpenSSL/1.0.2k-fips (internal dummy connection)"
51.91.122.75 - - [09/Apr/2021:21:52:58 +0200] "OPTIONS * HTTP/1.0" 200 - "-" "Apache/2.4.6 (CentOS) OpenSSL/1.0.2k-fips (internal dummy connection)"
89.248.172.90 - - [09/Apr/2021:21:53:41 +0200] "GET http://httpheader.net/azenv.php HTTP/1.1" 302 218 "-" "Mozilla/5.0 (Windows; U; Windows NT 6.1; en-US; rv:1.9.2.28) Gecko/20120306 Firefox/3.6.28 (.NET CLR 3.5.30729)"
89.248.172.90 - - [09/Apr/2021:21:53:43 +0200] "CONNECT slogitracking.comazenv.php:443 HTTP/1.1" 302 209 "-" "Mozilla/5.0 (Windows; U; Windows NT 6.1; en-US; rv:1.9.2.28) Gecko/20120306 Firefox/3.6.28 (.NET CLR 3.5.30729)"
89.248.172.90 - - [09/Apr/2021:21:54:27 +0200] "-" 408 - "-" "-"
51.91.122.75 - - [09/Apr/2021:21:54:44 +0200] "OPTIONS * HTTP/1.0" 200 - "-" "Apache/2.4.6 (CentOS) OpenSSL/1.0.2k-fips (internal dummy connection)"
51.91.122.75 - - [09/Apr/2021:22:04:03 +0200] "OPTIONS * HTTP/1.0" 200 - "-" "Apache/2.4.6 (CentOS) OpenSSL/1.0.2k-fips (internal dummy connection)"
37.49.225.127 - - [09/Apr/2021:22:17:20 +0200] "GET /.env HTTP/1.1" 302 213 "-" "Mozilla/5.0 (X11; Linux x86_64) AppleWebKit/537.36 (KHTML, like Gecko) Chrome/81.0.4044.129 Safari/537.36"
37.49.225.127 - - [09/Apr/2021:22:17:20 +0200] "POST / HTTP/1.1" 302 209 "-" "Mozilla/5.0 (X11; Linux x86_64) AppleWebKit/537.36 (KHTML, like Gecko) Chrome/81.0.4044.129 Safari/537.36"
207.46.13.6 - - [09/Apr/2021:22:57:02 +0200] "GET /robots.txt HTTP/1.1" 302 219 "-" "Mozilla/5.0 (compatible; bingbot/2.0; +http://www.bing.com/bingbot.htm)"
13.66.139.40 - - [09/Apr/2021:22:57:13 +0200] "GET / HTTP/1.1" 302 209 "-" "Mozilla/5.0 (compatible; bingbot/2.0; +http://www.bing.com/bingbot.htm)"
51.254.59.113 - - [10/Apr/2021:01:01:50 +0200] "GET / HTTP/1.1" 302 209 "-" "Mozilla/5.0 (Windows NT 6.1) AppleWebKit/537.36 (KHTML, like Gecko) Chrome/41.0.2228.0 Safari/537.36"
91.234.164.133 - - [10/Apr/2021:01:41:56 +0200] "GET / HTTP/1.1" 302 209 "-" "Mozilla/5.0 (Macintosh; Intel Mac OS X 10_11_6) AppleWebKit/601.7.7 (KHTML, like Gecko) Version/9.1.2 Safari/601.7.7"
34.76.80.167 - - [10/Apr/2021:02:36:37 +0200] "GET / HTTP/1.1" 302 209 "-" "python-requests/2.25.1"
34.77.162.26 - - [10/Apr/2021:02:56:14 +0200] "GET / HTTP/1.1" 301 234 "-" "Expanse, a Palo Alto Networks company, searches across the global IPv4 space multiple times per day to identify customers' presences on the Internet. If you would like to be excluded from our scans, please send IP addresses/domains to: scaninfo@paloaltonetworks.com"
205.185.122.102 - - [10/Apr/2021:03:03:12 +0200] "GET /config/getuser?index=0 HTTP/1.1" 302 231 "-" "Mozilla/5.0 (X11; Ubuntu; Linux x86_64; rv:76.0) Gecko/20100101 Firefox/76.0"
23.228.109.147 - - [10/Apr/2021:03:30:48 +0200] "GET /assets/file-uploader/server/php/index.php?file=tx2rghf.jpg HTTP/1.1" 301 292 "http://www.google.com/" "Mozilla/5.0 (Windows NT 6.1; Win64; x64) AppleWebKit/537.36 (KHTML, like Gecko) Chrome/56.0.2896.3 Safari/537.36"
45.148.10.50 - - [10/Apr/2021:03:44:50 +0200] "GET ../../proc/ HTTP" 400 226 "-" "-"
209.141.45.200 - - [10/Apr/2021:04:45:25 +0200] "GET /config/getuser?index=0 HTTP/1.1" 302 231 "-" "Mozilla/5.0 (X11; Ubuntu; Linux x86_64; rv:76.0) Gecko/20100101 Firefox/76.0"
89.248.172.90 - - [10/Apr/2021:04:50:00 +0200] "GET http://httpheader.net/azenv.php HTTP/1.1" 302 218 "-" "Mozilla/5.0 (Windows; U; Windows NT 6.1; en-US; rv:1.9.2.28) Gecko/20120306 Firefox/3.6.28 (.NET CLR 3.5.30729)"
89.248.172.90 - - [10/Apr/2021:04:50:00 +0200] "CONNECT slogitracking.comazenv.php:443 HTTP/1.1" 302 209 "-" "Mozilla/5.0 (Windows; U; Windows NT 6.1; en-US; rv:1.9.2.28) Gecko/20120306 Firefox/3.6.28 (.NET CLR 3.5.30729)"
89.248.172.90 - - [10/Apr/2021:04:50:29 +0200] "-" 408 - "-" "-"
89.248.172.90 - - [10/Apr/2021:04:50:49 +0200] "-" 408 - "-" "-"
188.233.45.34 - - [10/Apr/2021:04:52:22 +0200] "GET / HTTP/1.1" 302 209 "-" "Mozilla/5.0 (Windows NT 10.0; WOW64) AppleWebKit/537.36 (KHTML, like Gecko) Chrome/52.0.2743.116 Safari/537.36"
45.148.10.50 - - [10/Apr/2021:05:15:01 +0200] "GET ../../proc/ HTTP" 400 226 "-" "-"
85.90.124.2 - - [10/Apr/2021:05:22:11 +0200] "GET / HTTP/1.1" 302 209 "-" "Mozilla/5.0 (Windows NT 10.0; WOW64) AppleWebKit/537.36 (KHTML, like Gecko) Chrome/51.0.2704.103 Safari/537.36"
185.220.101.145 - - [10/Apr/2021:05:25:41 +0200] "HEAD /4Dwn HTTP/1.1" 302 - "-" "Mozilla/5.0 (Windows NT 6.2; WOW64) AppleWebKit/537.15 (KHTML, like Gecko) Chrome/24.0.1295.0 Safari/537.15"
40.77.167.55 - - [10/Apr/2021:05:32:31 +0200] "GET /robots.txt HTTP/1.1" 301 248 "-" "Mozilla/5.0 (compatible; bingbot/2.0; +http://www.bing.com/bingbot.htm)"
13.66.139.105 - - [10/Apr/2021:05:32:36 +0200] "GET / HTTP/1.1" 301 238 "-" "Mozilla/5.0 (compatible; bingbot/2.0; +http://www.bing.com/bingbot.htm)"
45.148.10.50 - - [10/Apr/2021:05:41:50 +0200] "GET ../../proc/ HTTP" 400 226 "-" "-"
40.77.167.55 - - [10/Apr/2021:05:42:32 +0200] "GET /robots.txt HTTP/1.1" 301 244 "-" "Mozilla/5.0 (compatible; bingbot/2.0; +http://www.bing.com/bingbot.htm)"
13.66.139.105 - - [10/Apr/2021:05:42:36 +0200] "GET / HTTP/1.1" 301 234 "-" "Mozilla/5.0 (compatible; bingbot/2.0; +http://www.bing.com/bingbot.htm)"
49.51.160.201 - - [10/Apr/2021:06:19:49 +0200] "GET / HTTP/1.0" 301 234 "-" "-"
49.51.160.201 - - [10/Apr/2021:06:19:49 +0200] "\\x01\\x00\\x00\\x00 \\xbf\\x02\\x00\\x88\\x13\\x00\\x00\\x87\\x00\\x00\\x00NIMABIJIAN\\x04\\x03\\x00\\x00{\\x99Caig\\x9c\\x03\\xc7eB\\xc5\\t\\xc1\\x18a\\x11\\x1a\\x91\\x1f\\x02\\tcof\\x91\\xc0\\x80sJ5\\xd2\\x80\\xe6\\x9a~\\xb9\\xc7\\x83^\\x96\\xeeN\\x16\\x96\\x96&\\xe6\\x03\\xea\\xbc\\x81\\x02=\\xac\\x10\\xfa?7\\x03\\xc3\\xdf\\xf7\\xe4\\x98`p\\xe6\\x8d\\xc1\\xa9\\x8d\\xc6\\x06\\xdb\\xaf\\x91\\xe7\\x82s\\xf7\\x14H\\xd4\\xe1W\\x9a\\x93C\\x9e]\\xa4\\x01#\\x03#\\x03]\\x03c]CC\\x05C\\x03+S\\x03b\\xf4\\x00\\x00/\\x9e\\x16E\n" 400 226 "-" "-"
49.51.160.201 - - [10/Apr/2021:06:19:49 +0200] "GET / HTTP/1.1" 302 209 "-" "Mozilla/5.0 (X11; Linux x86_64) AppleWebKit/537.36 (KHTML, like Gecko) Chrome/86.0.4 240.111 Safari/537.36"
49.51.160.201 - - [10/Apr/2021:06:19:49 +0200] "\\x01\\x00\\x00\\x00 \\xbf\\x02\\x00\\x88\\x13\\x00\\x00\\x87\\x00\\x00\\x00NIMABIJIAN\\x04\\x03\\x00\\x00{\\x99Caig\\x9c\\x03\\xc7eB\\xc5\\t\\xc1\\x18a\\x11\\x1a\\x91\\x1f\\x02\\tcof\\x91\\xc0\\x80sJ5\\xd2\\x80\\xe6\\x9a~\\xb9\\xc7\\x83^\\x96\\xeeN\\x16\\x96\\x96&\\xe6\\x03\\xea\\xbc\\x81\\x02=\\xac\\x10\\xfa?7\\x03\\xc3\\xdf\\xf7\\xe4\\x98`p\\xe6\\x8d\\xc1\\xa9\\x8d\\xc6\\x06\\xdb\\xaf\\x91\\xe7\\x82s\\xf7\\x14H\\xd4\\xe1W\\x9a\\x93C\\x9e]\\xa4\\x01#\\x03#\\x03]\\x03c]CC\\x05C\\x03+S\\x03b\\xf4\\x00\\x00/\\x9e\\x16E\n" 400 226 "-" "-"
49.51.160.201 - - [10/Apr/2021:06:19:49 +0200] "GET / HTTP/1.1" 302 209 "-" "Mozilla/5.0 (X11; Linux x86_64) AppleWebKit/537.36 (KHTML, like Gecko) Chrome/86.0.4 240.111 Safari/537.36"
49.51.160.201 - - [10/Apr/2021:06:19:49 +0200] "GET / HTTP/1.1" 302 209 "-" "Mozilla/5.0 (X11; Linux x86_64) AppleWebKit/537.36 (KHTML, like Gecko) Chrome/86.0.4 240.111 Safari/537.36"
51.91.122.75 - - [10/Apr/2021:06:19:55 +0200] "OPTIONS * HTTP/1.0" 200 - "-" "Apache/2.4.6 (CentOS) OpenSSL/1.0.2k-fips (internal dummy connection)"
144.217.71.170 - - [10/Apr/2021:06:21:18 +0200] "GET / HTTP/1.1" 301 238 "-" "Mozilla/5.0 (Windows NT 6.1; Win64; x64; +http://www.komodia.com/newwiki/index.php/URL_server_crawler) KomodiaBot/1.0"
101.132.139.218 - - [10/Apr/2021:07:42:54 +0200] "GET / HTTP/1.1" 302 209 "-" "Mozilla/5.0 (Windows NT 10.0; WOW64) AppleWebKit/537.36 (KHTML, like Gecko) Chrome/51.0.2704.103 Safari/537.36"
178.128.194.144 - - [10/Apr/2021:07:45:29 +0200] "GET / HTTP/1.1" 302 209 "-" "Mozilla/5.0 (Macintosh; Intel Mac OS X 10.13; rv:61.0) Gecko/20100101 Firefox/72.0"
178.128.145.198 - - [10/Apr/2021:07:54:42 +0200] "GET / HTTP/1.1" 302 209 "-" "Mozilla/5.0 (X11; Ubuntu; Linux x86_64; rv:76.0) Gecko/20100101 Firefox/76.0"
51.91.122.75 - - [10/Apr/2021:08:14:01 +0200] "OPTIONS * HTTP/1.0" 200 - "-" "Apache/2.4.6 (CentOS) OpenSSL/1.0.2k-fips (internal dummy connection)"
51.91.122.75 - - [10/Apr/2021:08:14:08 +0200] "OPTIONS * HTTP/1.0" 200 - "-" "Apache/2.4.6 (CentOS) OpenSSL/1.0.2k-fips (internal dummy connection)"
207.46.13.6 - - [10/Apr/2021:08:22:14 +0200] "GET /robots.txt HTTP/1.1" 302 219 "-" "Mozilla/5.0 (compatible; bingbot/2.0; +http://www.bing.com/bingbot.htm)"
13.66.139.40 - - [10/Apr/2021:08:22:26 +0200] "GET / HTTP/1.1" 302 209 "-" "Mozilla/5.0 (compatible; bingbot/2.0; +http://www.bing.com/bingbot.htm)"
205.185.123.98 - - [10/Apr/2021:08:26:16 +0200] "GET / HTTP/1.1" 302 209 "-" "Linux Gnu (cow)"
87.117.11.46 - - [10/Apr/2021:08:29:48 +0200] "POST /HNAP1/ HTTP/1.0" 302 215 "-" "-"
45.155.205.211 - - [10/Apr/2021:08:44:10 +0200] "POST /vendor/phpunit/phpunit/src/Util/PHP/eval-stdin.php HTTP/1.1" 302 259 "-" "Mozilla/5.0 (Windows NT 10.0; Win64; x64) AppleWebKit/537.36 (KHTML, like Gecko) Chrome/78.0.3904.108 Safari/537.36"
45.155.205.211 - - [10/Apr/2021:08:44:10 +0200] "POST /api/jsonws/invoke HTTP/1.1" 302 226 "-" "Mozilla/5.0 (Windows NT 10.0; Win64; x64) AppleWebKit/537.36 (KHTML, like Gecko) Chrome/78.0.3904.108 Safari/537.36"
45.155.205.211 - - [10/Apr/2021:08:44:10 +0200] "GET /solr/admin/info/system?wt=json HTTP/1.1" 302 239 "-" "Mozilla/5.0 (Windows NT 10.0; Win64; x64) AppleWebKit/537.36 (KHTML, like Gecko) Chrome/78.0.3904.108 Safari/537.36"
45.155.205.211 - - [10/Apr/2021:08:44:10 +0200] "POST /Autodiscover/Autodiscover.xml HTTP/1.1" 302 238 "-" "Mozilla/5.0 (Windows NT 10.0; Win64; x64) AppleWebKit/537.36 (KHTML, like Gecko) Chrome/78.0.3904.108 Safari/537.36"
45.155.205.211 - - [10/Apr/2021:08:44:10 +0200] "GET /index.php?s=/Index/\\think\\app/invokefunction&function=call_user_func_array&vars[0]=md5&vars[1][]=HelloThinkPHP21 HTTP/1.1" 302 333 "-" "Mozilla/5.0 (Windows NT 10.0; Win64; x64) AppleWebKit/537.36 (KHTML, like Gecko) Chrome/78.0.3904.108 Safari/537.36"
45.155.205.211 - - [10/Apr/2021:08:44:10 +0200] "GET /_ignition/execute-solution HTTP/1.1" 302 235 "-" "Mozilla/5.0 (Windows NT 10.0; Win64; x64) AppleWebKit/537.36 (KHTML, like Gecko) Chrome/78.0.3904.108 Safari/537.36"
45.155.205.211 - - [10/Apr/2021:08:44:11 +0200] "GET /vendor/phpunit/phpunit/src/Util/PHP/eval-stdin.php HTTP/1.1" 302 259 "-" "Mozilla/5.0 (Windows NT 10.0; Win64; x64) AppleWebKit/537.36 (KHTML, like Gecko) Chrome/78.0.3904.108 Safari/537.36"
45.155.205.211 - - [10/Apr/2021:08:44:11 +0200] "GET /?a=fetch&content=die(@md5(HelloThinkCMF)) HTTP/1.1" 302 277 "-" "Mozilla/5.0 (Windows NT 10.0; Win64; x64) AppleWebKit/537.36 (KHTML, like Gecko) Chrome/78.0.3904.108 Safari/537.36"
45.155.205.211 - - [10/Apr/2021:08:44:11 +0200] "GET /?XDEBUG_SESSION_START=phpstorm HTTP/1.1" 302 239 "-" "Mozilla/5.0 (Windows NT 10.0; Win64; x64) AppleWebKit/537.36 (KHTML, like Gecko) Chrome/78.0.3904.108 Safari/537.36"
45.155.205.211 - - [10/Apr/2021:08:44:11 +0200] "GET /wp-content/plugins/wp-file-manager/readme.txt HTTP/1.1" 302 254 "-" "Mozilla/5.0 (Windows NT 10.0; Win64; x64) AppleWebKit/537.36 (KHTML, like Gecko) Chrome/78.0.3904.108 Safari/537.36"
45.155.205.211 - - [10/Apr/2021:08:44:11 +0200] "GET /console/ HTTP/1.1" 302 217 "-" "Mozilla/5.0 (Windows NT 10.0; Win64; x64) AppleWebKit/537.36 (KHTML, like Gecko) Chrome/78.0.3904.108 Safari/537.36"
45.143.99.69 - - [10/Apr/2021:08:46:33 +0200] "GET / HTTP/1.1" 302 209 "-" "Go-http-client/1.1"
45.148.10.50 - - [10/Apr/2021:09:07:14 +0200] "GET ../../proc/ HTTP" 400 226 "-" "-"
180.149.125.172 - - [10/Apr/2021:09:09:07 +0200] "GET / HTTP/1.1" 302 209 "-" "Mozilla/5.0 (Windows NT 5.1; Win64; x64) AppleWebKit/537.36 (KHTML, like Gecko) Chrome/60.0.3112.90 Safari/537.36"
200.127.238.28 - - [10/Apr/2021:09:19:45 +0200] "GET / HTTP/1.0" 302 209 "-" "-"
51.91.122.75 - - [10/Apr/2021:09:20:06 +0200] "OPTIONS * HTTP/1.0" 200 - "-" "Apache/2.4.6 (CentOS) OpenSSL/1.0.2k-fips (internal dummy connection)"
51.91.122.75 - - [10/Apr/2021:09:20:59 +0200] "OPTIONS * HTTP/1.0" 200 - "-" "Apache/2.4.6 (CentOS) OpenSSL/1.0.2k-fips (internal dummy connection)"
51.91.122.75 - - [10/Apr/2021:09:23:31 +0200] "OPTIONS * HTTP/1.0" 200 - "-" "Apache/2.4.6 (CentOS) OpenSSL/1.0.2k-fips (internal dummy connection)"
45.85.90.147 - - [10/Apr/2021:09:24:20 +0200] "GET / HTTP/1.1" 302 209 "-" "Linux Gnu (cow)"
51.91.122.75 - - [10/Apr/2021:09:40:08 +0200] "OPTIONS * HTTP/1.0" 200 - "-" "Apache/2.4.6 (CentOS) OpenSSL/1.0.2k-fips (internal dummy connection)"
51.91.122.75 - - [10/Apr/2021:09:40:09 +0200] "OPTIONS * HTTP/1.0" 200 - "-" "Apache/2.4.6 (CentOS) OpenSSL/1.0.2k-fips (internal dummy connection)"
51.91.122.75 - - [10/Apr/2021:09:41:09 +0200] "OPTIONS * HTTP/1.0" 200 - "-" "Apache/2.4.6 (CentOS) OpenSSL/1.0.2k-fips (internal dummy connection)"
51.91.122.75 - - [10/Apr/2021:09:42:24 +0200] "OPTIONS * HTTP/1.0" 200 - "-" "Apache/2.4.6 (CentOS) OpenSSL/1.0.2k-fips (internal dummy connection)"
91.132.197.39 - - [10/Apr/2021:09:42:55 +0200] "GET / HTTP/1.1" 302 209 "-" "Mozilla/5.0 (X11; Ubuntu; Linux x86_64; rv:76.0) Gecko/20100101 Firefox/76.0"
45.148.10.50 - - [10/Apr/2021:09:56:36 +0200] "GET ../../proc/ HTTP" 400 226 "-" "-"
51.91.122.75 - - [10/Apr/2021:10:10:40 +0200] "OPTIONS * HTTP/1.0" 200 - "-" "Apache/2.4.6 (CentOS) OpenSSL/1.0.2k-fips (internal dummy connection)"
51.91.122.75 - - [10/Apr/2021:10:29:07 +0200] "OPTIONS * HTTP/1.0" 200 - "-" "Apache/2.4.6 (CentOS) OpenSSL/1.0.2k-fips (internal dummy connection)"
51.91.122.75 - - [10/Apr/2021:10:29:29 +0200] "OPTIONS * HTTP/1.0" 200 - "-" "Apache/2.4.6 (CentOS) OpenSSL/1.0.2k-fips (internal dummy connection)"
51.91.122.75 - - [10/Apr/2021:10:29:47 +0200] "OPTIONS * HTTP/1.0" 200 - "-" "Apache/2.4.6 (CentOS) OpenSSL/1.0.2k-fips (internal dummy connection)"
51.91.122.75 - - [10/Apr/2021:10:29:48 +0200] "OPTIONS * HTTP/1.0" 200 - "-" "Apache/2.4.6 (CentOS) OpenSSL/1.0.2k-fips (internal dummy connection)"
51.91.122.75 - - [10/Apr/2021:10:30:43 +0200] "OPTIONS * HTTP/1.0" 200 - "-" "Apache/2.4.6 (CentOS) OpenSSL/1.0.2k-fips (internal dummy connection)"
51.91.122.75 - - [10/Apr/2021:10:56:25 +0200] "OPTIONS * HTTP/1.0" 200 - "-" "Apache/2.4.6 (CentOS) OpenSSL/1.0.2k-fips (internal dummy connection)"
51.91.122.75 - - [10/Apr/2021:10:56:26 +0200] "OPTIONS * HTTP/1.0" 200 - "-" "Apache/2.4.6 (CentOS) OpenSSL/1.0.2k-fips (internal dummy connection)"
51.91.122.75 - - [10/Apr/2021:10:56:42 +0200] "OPTIONS * HTTP/1.0" 200 - "-" "Apache/2.4.6 (CentOS) OpenSSL/1.0.2k-fips (internal dummy connection)"
51.91.122.75 - - [10/Apr/2021:11:39:59 +0200] "OPTIONS * HTTP/1.0" 200 - "-" "Apache/2.4.6 (CentOS) OpenSSL/1.0.2k-fips (internal dummy connection)"
51.91.122.75 - - [10/Apr/2021:11:40:33 +0200] "OPTIONS * HTTP/1.0" 200 - "-" "Apache/2.4.6 (CentOS) OpenSSL/1.0.2k-fips (internal dummy connection)"
45.148.10.50 - - [10/Apr/2021:11:50:41 +0200] "GET ../../proc/ HTTP" 400 226 "-" "-"
89.248.172.90 - - [10/Apr/2021:12:05:56 +0200] "GET http://httpheader.net/azenv.php HTTP/1.1" 302 218 "-" "Mozilla/5.0 (Windows; U; Windows NT 6.1; en-US; rv:1.9.2.28) Gecko/20120306 Firefox/3.6.28 (.NET CLR 3.5.30729)"
89.248.172.90 - - [10/Apr/2021:12:05:57 +0200] "CONNECT slogitracking.comazenv.php:443 HTTP/1.1" 302 209 "-" "Mozilla/5.0 (Windows; U; Windows NT 6.1; en-US; rv:1.9.2.28) Gecko/20120306 Firefox/3.6.28 (.NET CLR 3.5.30729)"
89.248.172.90 - - [10/Apr/2021:12:06:21 +0200] "-" 408 - "-" "-"
89.248.172.90 - - [10/Apr/2021:12:06:44 +0200] "-" 408 - "-" "-"
45.148.10.50 - - [10/Apr/2021:12:22:02 +0200] "GET ../../proc/ HTTP" 400 226 "-" "-"
167.71.68.203 - - [10/Apr/2021:12:28:56 +0200] "GET /.env HTTP/1.1" 302 213 "-" "libwww-perl/6.44"
3.236.228.55 - - [10/Apr/2021:12:48:48 +0200] "GET /.env HTTP/1.1" 302 213 "-" "Mozilla/5.0 (X11; Linux x86_64) AppleWebKit/537.36 (KHTML, like Gecko) Chrome/81.0.4044.129 Safari/537.36"
3.236.228.55 - - [10/Apr/2021:12:48:48 +0200] "POST / HTTP/1.1" 302 209 "-" "Mozilla/5.0 (X11; Linux x86_64) AppleWebKit/537.36 (KHTML, like Gecko) Chrome/81.0.4044.129 Safari/537.36"
51.91.122.75 - - [10/Apr/2021:13:18:11 +0200] "OPTIONS * HTTP/1.0" 200 - "-" "Apache/2.4.6 (CentOS) OpenSSL/1.0.2k-fips (internal dummy connection)"
51.91.122.75 - - [10/Apr/2021:13:20:42 +0200] "OPTIONS * HTTP/1.0" 200 - "-" "Apache/2.4.6 (CentOS) OpenSSL/1.0.2k-fips (internal dummy connection)"
51.91.122.75 - - [10/Apr/2021:13:38:34 +0200] "OPTIONS * HTTP/1.0" 200 - "-" "Apache/2.4.6 (CentOS) OpenSSL/1.0.2k-fips (internal dummy connection)"
51.91.122.75 - - [10/Apr/2021:13:43:10 +0200] "OPTIONS * HTTP/1.0" 200 - "-" "Apache/2.4.6 (CentOS) OpenSSL/1.0.2k-fips (internal dummy connection)"
89.248.172.90 - - [10/Apr/2021:14:01:05 +0200] "GET http://httpheader.net/azenv.php HTTP/1.1" 302 218 "-" "Mozilla/5.0 (Windows; U; Windows NT 6.1; en-US; rv:1.9.2.28) Gecko/20120306 Firefox/3.6.28 (.NET CLR 3.5.30729)"
89.248.172.90 - - [10/Apr/2021:14:01:05 +0200] "CONNECT slogitracking.comazenv.php:443 HTTP/1.1" 302 209 "-" "Mozilla/5.0 (Windows; U; Windows NT 6.1; en-US; rv:1.9.2.28) Gecko/20120306 Firefox/3.6.28 (.NET CLR 3.5.30729)"
89.248.172.90 - - [10/Apr/2021:14:01:48 +0200] "-" 408 - "-" "-"
51.91.122.75 - - [10/Apr/2021:14:32:47 +0200] "OPTIONS * HTTP/1.0" 200 - "-" "Apache/2.4.6 (CentOS) OpenSSL/1.0.2k-fips (internal dummy connection)"
128.199.228.238 - - [10/Apr/2021:14:39:10 +0200] "GET / HTTP/1.1" 302 209 "-" "Mozilla/5.0 (X11; Ubuntu; Linux x86_64; rv:76.0) Gecko/20100101 Firefox/76.0"
51.91.122.75 - - [10/Apr/2021:16:04:24 +0200] "OPTIONS * HTTP/1.0" 200 - "-" "Apache/2.4.6 (CentOS) OpenSSL/1.0.2k-fips (internal dummy connection)"
51.91.122.75 - - [10/Apr/2021:16:04:25 +0200] "OPTIONS * HTTP/1.0" 200 - "-" "Apache/2.4.6 (CentOS) OpenSSL/1.0.2k-fips (internal dummy connection)"
108.24.86.100 - - [10/Apr/2021:16:21:23 +0200] "GET / HTTP/1.1" 302 209 "-" "Mozilla/5.0 (Windows NT 10.0; WOW64) AppleWebKit/537.36 (KHTML, like Gecko) Chrome/51.0.2704.103 Safari/537.36"
51.91.122.75 - - [10/Apr/2021:16:22:08 +0200] "OPTIONS * HTTP/1.0" 200 - "-" "Apache/2.4.6 (CentOS) OpenSSL/1.0.2k-fips (internal dummy connection)"
27.115.124.74 - - [10/Apr/2021:16:28:51 +0200] "\x16\x03\x01" 400 226 "-" "-"
27.115.124.74 - - [10/Apr/2021:16:29:02 +0200] "GET / HTTP/1.0" 302 209 "-" "-"
27.115.124.74 - - [10/Apr/2021:16:29:03 +0200] "GET / HTTP/1.1" 302 209 "-" "Mozilla/5.0 (Macintosh; Intel Mac OS X 10_14_6) AppleWebKit/537.36 (KHTML, like Gecko) Chrome/81.0.4044.138 Safari/537.36"
27.115.124.74 - - [10/Apr/2021:16:29:04 +0200] "GET /favicon.ico HTTP/1.1" 302 220 "-" "Mozilla/5.0 (Macintosh; Intel Mac OS X 10_14_6) AppleWebKit/537.36 (KHTML, like Gecko) Chrome/81.0.4044.138 Safari/537.36"
27.115.124.75 - - [10/Apr/2021:16:29:05 +0200] "GET /robots.txt HTTP/1.1" 302 219 "-" "Mozilla/5.0 (Macintosh; Intel Mac OS X 10_14_6) AppleWebKit/537.36 (KHTML, like Gecko) Chrome/81.0.4044.138 Safari/537.36"
27.115.124.100 - - [10/Apr/2021:16:29:05 +0200] "GET /sitemap.xml HTTP/1.1" 302 220 "-" "Mozilla/5.0 (Macintosh; Intel Mac OS X 10_14_6) AppleWebKit/537.36 (KHTML, like Gecko) Chrome/81.0.4044.138 Safari/537.36"
51.91.122.75 - - [10/Apr/2021:16:29:13 +0200] "OPTIONS * HTTP/1.0" 200 - "-" "Apache/2.4.6 (CentOS) OpenSSL/1.0.2k-fips (internal dummy connection)"
51.91.122.75 - - [10/Apr/2021:16:29:32 +0200] "OPTIONS * HTTP/1.0" 200 - "-" "Apache/2.4.6 (CentOS) OpenSSL/1.0.2k-fips (internal dummy connection)"
51.91.122.75 - - [10/Apr/2021:16:32:35 +0200] "OPTIONS * HTTP/1.0" 200 - "-" "Apache/2.4.6 (CentOS) OpenSSL/1.0.2k-fips (internal dummy connection)"
61.219.11.153 - - [10/Apr/2021:16:49:22 +0200] "GET / HTTP/1.1" 400 226 "-" "-"
40.77.167.55 - - [10/Apr/2021:16:52:57 +0200] "GET /robots.txt HTTP/1.1" 301 248 "-" "Mozilla/5.0 (compatible; bingbot/2.0; +http://www.bing.com/bingbot.htm)"
13.66.139.105 - - [10/Apr/2021:16:53:07 +0200] "GET / HTTP/1.1" 301 238 "-" "Mozilla/5.0 (compatible; bingbot/2.0; +http://www.bing.com/bingbot.htm)"
51.91.122.75 - - [10/Apr/2021:16:53:26 +0200] "OPTIONS * HTTP/1.0" 200 - "-" "Apache/2.4.6 (CentOS) OpenSSL/1.0.2k-fips (internal dummy connection)"
13.66.139.105 - - [10/Apr/2021:17:03:15 +0200] "GET / HTTP/1.1" 301 234 "-" "Mozilla/5.0 (compatible; bingbot/2.0; +http://www.bing.com/bingbot.htm)"
173.212.233.104 - - [10/Apr/2021:17:11:57 +0200] "GET / HTTP/1.1" 302 209 "-" "libwww-perl/6.53"
51.91.122.75 - - [10/Apr/2021:17:12:33 +0200] "OPTIONS * HTTP/1.0" 200 - "-" "Apache/2.4.6 (CentOS) OpenSSL/1.0.2k-fips (internal dummy connection)"
51.91.122.75 - - [10/Apr/2021:17:12:35 +0200] "OPTIONS * HTTP/1.0" 200 - "-" "Apache/2.4.6 (CentOS) OpenSSL/1.0.2k-fips (internal dummy connection)"
51.91.122.75 - - [10/Apr/2021:17:12:36 +0200] "OPTIONS * HTTP/1.0" 200 - "-" "Apache/2.4.6 (CentOS) OpenSSL/1.0.2k-fips (internal dummy connection)"
64.62.197.62 - - [10/Apr/2021:17:29:33 +0200] "GET / HTTP/1.1" 302 209 "-" "-"
51.91.122.75 - - [10/Apr/2021:17:34:35 +0200] "OPTIONS * HTTP/1.0" 200 - "-" "Apache/2.4.6 (CentOS) OpenSSL/1.0.2k-fips (internal dummy connection)"
216.244.66.237 - - [10/Apr/2021:17:35:24 +0200] "GET /robots.txt HTTP/1.1" 301 248 "-" "Mozilla/5.0 (compatible; DotBot/1.2; +https://opensiteexplorer.org/dotbot; help@moz.com)"
45.146.164.76 - - [10/Apr/2021:17:36:36 +0200] "GET / HTTP/1.0" 301 234 "-" "masscan/1.3 (https://github.com/robertdavidgraham/masscan)"
99.122.157.75 - - [10/Apr/2021:17:39:03 +0200] "GET / HTTP/1.1" 302 209 "-" "curl/7.58.0"
51.91.122.75 - - [10/Apr/2021:17:42:46 +0200] "OPTIONS * HTTP/1.0" 200 - "-" "Apache/2.4.6 (CentOS) OpenSSL/1.0.2k-fips (internal dummy connection)"
51.91.122.75 - - [10/Apr/2021:17:50:30 +0200] "OPTIONS * HTTP/1.0" 200 - "-" "Apache/2.4.6 (CentOS) OpenSSL/1.0.2k-fips (internal dummy connection)"
51.91.122.75 - - [10/Apr/2021:17:50:31 +0200] "OPTIONS * HTTP/1.0" 200 - "-" "Apache/2.4.6 (CentOS) OpenSSL/1.0.2k-fips (internal dummy connection)"
51.91.122.75 - - [10/Apr/2021:17:50:32 +0200] "OPTIONS * HTTP/1.0" 200 - "-" "Apache/2.4.6 (CentOS) OpenSSL/1.0.2k-fips (internal dummy connection)"
51.91.122.75 - - [10/Apr/2021:17:51:43 +0200] "OPTIONS * HTTP/1.0" 200 - "-" "Apache/2.4.6 (CentOS) OpenSSL/1.0.2k-fips (internal dummy connection)"
51.91.122.75 - - [10/Apr/2021:17:51:44 +0200] "OPTIONS * HTTP/1.0" 200 - "-" "Apache/2.4.6 (CentOS) OpenSSL/1.0.2k-fips (internal dummy connection)"
51.91.122.75 - - [10/Apr/2021:17:58:41 +0200] "OPTIONS * HTTP/1.0" 200 - "-" "Apache/2.4.6 (CentOS) OpenSSL/1.0.2k-fips (internal dummy connection)"
51.91.122.75 - - [10/Apr/2021:17:58:49 +0200] "OPTIONS * HTTP/1.0" 200 - "-" "Apache/2.4.6 (CentOS) OpenSSL/1.0.2k-fips (internal dummy connection)"
51.91.122.75 - - [10/Apr/2021:18:09:58 +0200] "OPTIONS * HTTP/1.0" 200 - "-" "Apache/2.4.6 (CentOS) OpenSSL/1.0.2k-fips (internal dummy connection)"
51.91.122.75 - - [10/Apr/2021:18:09:59 +0200] "OPTIONS * HTTP/1.0" 200 - "-" "Apache/2.4.6 (CentOS) OpenSSL/1.0.2k-fips (internal dummy connection)"
51.91.122.75 - - [10/Apr/2021:18:11:42 +0200] "OPTIONS * HTTP/1.0" 200 - "-" "Apache/2.4.6 (CentOS) OpenSSL/1.0.2k-fips (internal dummy connection)"
51.91.122.75 - - [10/Apr/2021:18:12:01 +0200] "OPTIONS * HTTP/1.0" 200 - "-" "Apache/2.4.6 (CentOS) OpenSSL/1.0.2k-fips (internal dummy connection)"
51.91.122.75 - - [10/Apr/2021:18:17:32 +0200] "OPTIONS * HTTP/1.0" 200 - "-" "Apache/2.4.6 (CentOS) OpenSSL/1.0.2k-fips (internal dummy connection)"
51.91.122.75 - - [10/Apr/2021:18:17:33 +0200] "OPTIONS * HTTP/1.0" 200 - "-" "Apache/2.4.6 (CentOS) OpenSSL/1.0.2k-fips (internal dummy connection)"
51.91.122.75 - - [10/Apr/2021:18:18:59 +0200] "OPTIONS * HTTP/1.0" 200 - "-" "Apache/2.4.6 (CentOS) OpenSSL/1.0.2k-fips (internal dummy connection)"
51.91.122.75 - - [10/Apr/2021:18:22:42 +0200] "OPTIONS * HTTP/1.0" 200 - "-" "Apache/2.4.6 (CentOS) OpenSSL/1.0.2k-fips (internal dummy connection)"
145.239.82.0 - - [10/Apr/2021:18:28:32 +0200] "GET http://www.bing.com/ HTTP/1.1" 302 209 "-" "Mozilla/5.0 (Macintosh; Intel Mac OS X 10_12_3; rv:52.0.2) Gecko/20100101 Firefox/52.0.2"
145.239.82.0 - - [10/Apr/2021:18:28:32 +0200] "CONNECT slogitracking.com:443 HTTP/1.1" 301 234 "-" "-"
145.239.82.0 - - [10/Apr/2021:18:28:33 +0200] "CONNECT slogitracking.com:443 HTTP/1.1" 301 234 "-" "-"
145.239.82.0 - - [10/Apr/2021:18:28:33 +0200] "CONNECT slogitracking.com:443 HTTP/1.1" 301 234 "-" "-"
145.239.82.0 - - [10/Apr/2021:18:28:33 +0200] "CONNECT slogitracking.com:443 HTTP/1.1" 301 234 "-" "-"
145.239.82.0 - - [10/Apr/2021:18:28:33 +0200] "CONNECT slogitracking.com:443 HTTP/1.1" 301 234 "-" "-"
145.239.82.0 - - [10/Apr/2021:18:28:33 +0200] "CONNECT slogitracking.com:443 HTTP/1.1" 301 234 "-" "-"
145.239.82.0 - - [10/Apr/2021:18:28:33 +0200] "CONNECT slogitracking.com:443 HTTP/1.1" 301 234 "-" "-"
145.239.82.0 - - [10/Apr/2021:18:28:33 +0200] "CONNECT slogitracking.com:443 HTTP/1.1" 301 234 "-" "-"
145.239.82.0 - - [10/Apr/2021:18:28:33 +0200] "CONNECT slogitracking.com:443 HTTP/1.1" 301 234 "-" "-"
145.239.82.0 - - [10/Apr/2021:18:28:33 +0200] "CONNECT slogitracking.com:443 HTTP/1.1" 301 234 "-" "-"
145.239.82.0 - - [10/Apr/2021:18:28:33 +0200] "CONNECT slogitracking.com:443 HTTP/1.1" 301 234 "-" "-"
145.239.82.0 - - [10/Apr/2021:18:28:33 +0200] "CONNECT slogitracking.com:443 HTTP/1.1" 301 234 "-" "-"
145.239.82.0 - - [10/Apr/2021:18:28:33 +0200] "CONNECT slogitracking.com:443 HTTP/1.1" 301 234 "-" "-"
145.239.82.0 - - [10/Apr/2021:18:28:33 +0200] "CONNECT slogitracking.com:443 HTTP/1.1" 301 234 "-" "-"
145.239.82.0 - - [10/Apr/2021:18:28:33 +0200] "CONNECT slogitracking.com:443 HTTP/1.1" 301 234 "-" "-"
145.239.82.0 - - [10/Apr/2021:18:28:33 +0200] "CONNECT slogitracking.com:443 HTTP/1.1" 301 234 "-" "-"
145.239.82.0 - - [10/Apr/2021:18:28:33 +0200] "CONNECT slogitracking.com:443 HTTP/1.1" 301 234 "-" "-"
145.239.82.0 - - [10/Apr/2021:18:28:33 +0200] "CONNECT slogitracking.com:443 HTTP/1.1" 301 234 "-" "-"
145.239.82.0 - - [10/Apr/2021:18:28:34 +0200] "CONNECT slogitracking.com:443 HTTP/1.1" 301 234 "-" "-"
145.239.82.0 - - [10/Apr/2021:18:28:34 +0200] "CONNECT slogitracking.com:443 HTTP/1.1" 301 234 "-" "-"
145.239.82.0 - - [10/Apr/2021:18:28:34 +0200] "CONNECT slogitracking.com:443 HTTP/1.1" 301 234 "-" "-"
145.239.82.0 - - [10/Apr/2021:18:28:34 +0200] "CONNECT slogitracking.com:443 HTTP/1.1" 301 234 "-" "-"
145.239.82.0 - - [10/Apr/2021:18:28:34 +0200] "CONNECT slogitracking.com:443 HTTP/1.1" 301 234 "-" "-"
145.239.82.0 - - [10/Apr/2021:18:28:34 +0200] "CONNECT slogitracking.com:443 HTTP/1.1" 301 234 "-" "-"
145.239.82.0 - - [10/Apr/2021:18:28:34 +0200] "CONNECT slogitracking.com:443 HTTP/1.1" 301 234 "-" "-"
145.239.82.0 - - [10/Apr/2021:18:28:54 +0200] "-" 408 - "-" "-"
145.239.82.0 - - [10/Apr/2021:18:29:04 +0200] "-" 408 - "-" "-"
13.66.139.105 - - [10/Apr/2021:18:37:01 +0200] "GET /.well-known/acme-challenge/ HTTP/1.1" 301 265 "-" "Mozilla/5.0 (compatible; bingbot/2.0; +http://www.bing.com/bingbot.htm)"
45.85.90.147 - - [10/Apr/2021:18:41:36 +0200] "GET / HTTP/1.1" 302 209 "-" "Linux Gnu (cow)"
205.185.122.102 - - [10/Apr/2021:19:39:12 +0200] "GET /config/getuser?index=0 HTTP/1.1" 302 231 "-" "Mozilla/5.0 (X11; Ubuntu; Linux x86_64; rv:76.0) Gecko/20100101 Firefox/76.0"
207.46.13.6 - - [10/Apr/2021:19:42:05 +0200] "GET /robots.txt HTTP/1.1" 302 219 "-" "Mozilla/5.0 (compatible; bingbot/2.0; +http://www.bing.com/bingbot.htm)"
13.66.139.40 - - [10/Apr/2021:19:42:07 +0200] "GET / HTTP/1.1" 302 209 "-" "Mozilla/5.0 (compatible; bingbot/2.0; +http://www.bing.com/bingbot.htm)"
213.32.122.81 - - [10/Apr/2021:19:46:27 +0200] "GET / HTTP/1.1" 302 209 "-" "Mozilla/5.0 (Windows NT 6.1) AppleWebKit/537.36 (KHTML, like Gecko) Chrome/41.0.2228.0 Safari/537.36"
89.248.172.90 - - [10/Apr/2021:20:34:02 +0200] "GET http://httpheader.net/azenv.php HTTP/1.1" 302 218 "-" "Mozilla/5.0 (Windows; U; Windows NT 6.1; en-US; rv:1.9.2.28) Gecko/20120306 Firefox/3.6.28 (.NET CLR 3.5.30729)"
89.248.172.90 - - [10/Apr/2021:20:34:02 +0200] "CONNECT slogitracking.comazenv.php:443 HTTP/1.1" 302 209 "-" "Mozilla/5.0 (Windows; U; Windows NT 6.1; en-US; rv:1.9.2.28) Gecko/20120306 Firefox/3.6.28 (.NET CLR 3.5.30729)"
89.248.172.90 - - [10/Apr/2021:20:34:26 +0200] "-" 408 - "-" "-"
89.248.172.90 - - [10/Apr/2021:20:34:46 +0200] "-" 408 - "-" "-"
51.91.122.75 - - [10/Apr/2021:20:47:07 +0200] "OPTIONS * HTTP/1.0" 200 - "-" "Apache/2.4.6 (CentOS) OpenSSL/1.0.2k-fips (internal dummy connection)"
51.91.122.75 - - [10/Apr/2021:21:43:07 +0200] "OPTIONS * HTTP/1.0" 200 - "-" "Apache/2.4.6 (CentOS) OpenSSL/1.0.2k-fips (internal dummy connection)"
51.91.122.75 - - [10/Apr/2021:21:43:28 +0200] "OPTIONS * HTTP/1.0" 200 - "-" "Apache/2.4.6 (CentOS) OpenSSL/1.0.2k-fips (internal dummy connection)"
170.130.187.42 - - [10/Apr/2021:23:13:46 +0200] "GET / HTTP/1.0" 301 234 "-" "https://gdnplus.com:Gather Analyze Provide."
192.241.206.146 - - [10/Apr/2021:23:45:33 +0200] "GET / HTTP/1.1" 302 209 "-" "Mozilla/5.0 zgrab/0.x"
209.141.45.200 - - [11/Apr/2021:00:33:47 +0200] "GET /config/getuser?index=0 HTTP/1.1" 302 231 "-" "Mozilla/5.0 (X11; Ubuntu; Linux x86_64; rv:76.0) Gecko/20100101 Firefox/76.0"
180.149.125.172 - - [11/Apr/2021:01:07:41 +0200] "GET /c/ HTTP/1.1" 302 211 "-" "Mozilla/5.0 (Windows NT 5.1; Win64; x64) AppleWebKit/537.36 (KHTML, like Gecko) Chrome/60.0.3112.90 Safari/537.36"
13.66.139.105 - - [11/Apr/2021:02:16:13 +0200] "GET / HTTP/1.1" 301 238 "-" "Mozilla/5.0 (compatible; bingbot/2.0; +http://www.bing.com/bingbot.htm)"
13.66.139.105 - - [11/Apr/2021:02:27:49 +0200] "GET / HTTP/1.1" 301 234 "-" "Mozilla/5.0 (compatible; bingbot/2.0; +http://www.bing.com/bingbot.htm)"
92.118.160.53 - - [11/Apr/2021:02:32:36 +0200] "GET / HTTP/1.1" 302 209 "-" "NetSystemsResearch studies the availability of various services across the internet. Our website is netsystemsresearch.com"
91.192.6.158 - - [11/Apr/2021:02:41:05 +0200] "GET / HTTP/1.1" 302 209 "-" "Mozilla/5.0 (Windows NT 6.1; WOW64) AppleWebKit/537.36 (KHTML, like Gecko) Chrome/51.0.2704.103 Safari/537.36"
74.120.14.37 - - [11/Apr/2021:02:42:26 +0200] "GET / HTTP/1.1" 302 209 "-" "Mozilla/5.0 (compatible; CensysInspect/1.1; +https://about.censys.io/)"
45.144.225.228 - - [11/Apr/2021:02:55:05 +0200] "POST /boaform/admin/formLogin HTTP/1.1" 302 232 "http://51.91.122.75:80/admin/login.asp" "Mozilla/5.0 (X11; Ubuntu; Linux x86_64; rv:71.0) Gecko/20100101 Firefox/71.0"
162.142.125.38 - - [11/Apr/2021:02:57:20 +0200] "GET / HTTP/1.1" 302 209 "-" "-"
162.142.125.38 - - [11/Apr/2021:02:57:21 +0200] "GET / HTTP/1.1" 302 209 "-" "Mozilla/5.0 (compatible; CensysInspect/1.1; +https://about.censys.io/)"
39.97.237.121 - - [11/Apr/2021:03:33:30 +0200] "GET /TP/public/index.php HTTP/1.1" 302 228 "-" "Mozilla/5.0 (Windows; U; Windows NT 6.0;en-US; rv:1.9.2) Gecko/20100115 Firefox/3.6)"
39.97.237.121 - - [11/Apr/2021:03:33:31 +0200] "GET / HTTP/1.1" 302 209 "-" "Mozilla/5.0 (Windows; U; Windows NT 6.0;en-US; rv:1.9.2) Gecko/20100115 Firefox/3.6)"
219.155.8.71 - - [11/Apr/2021:03:42:48 +0200] "GET /boaform/admin/formLogin?username=ec8&psd=ec8 HTTP/1.0" 301 282 "-" "-"
45.155.205.211 - - [11/Apr/2021:04:21:13 +0200] "POST /api/jsonws/invoke HTTP/1.1" 302 226 "-" "Mozilla/5.0 (Windows NT 10.0; Win64; x64) AppleWebKit/537.36 (KHTML, like Gecko) Chrome/78.0.3904.108 Safari/537.36"
45.155.205.211 - - [11/Apr/2021:04:21:13 +0200] "POST /vendor/phpunit/phpunit/src/Util/PHP/eval-stdin.php HTTP/1.1" 302 259 "-" "Mozilla/5.0 (Windows NT 10.0; Win64; x64) AppleWebKit/537.36 (KHTML, like Gecko) Chrome/78.0.3904.108 Safari/537.36"
45.155.205.211 - - [11/Apr/2021:04:21:13 +0200] "GET /?a=fetch&content=die(@md5(HelloThinkCMF)) HTTP/1.1" 302 277 "-" "Mozilla/5.0 (Windows NT 10.0; Win64; x64) AppleWebKit/537.36 (KHTML, like Gecko) Chrome/78.0.3904.108 Safari/537.36"
45.155.205.211 - - [11/Apr/2021:04:21:13 +0200] "GET /solr/admin/info/system?wt=json HTTP/1.1" 302 239 "-" "Mozilla/5.0 (Windows NT 10.0; Win64; x64) AppleWebKit/537.36 (KHTML, like Gecko) Chrome/78.0.3904.108 Safari/537.36"
45.155.205.211 - - [11/Apr/2021:04:21:13 +0200] "GET /wp-content/plugins/wp-file-manager/readme.txt HTTP/1.1" 302 254 "-" "Mozilla/5.0 (Windows NT 10.0; Win64; x64) AppleWebKit/537.36 (KHTML, like Gecko) Chrome/78.0.3904.108 Safari/537.36"
45.155.205.211 - - [11/Apr/2021:04:21:14 +0200] "GET /vendor/phpunit/phpunit/src/Util/PHP/eval-stdin.php HTTP/1.1" 302 259 "-" "Mozilla/5.0 (Windows NT 10.0; Win64; x64) AppleWebKit/537.36 (KHTML, like Gecko) Chrome/78.0.3904.108 Safari/537.36"
45.155.205.211 - - [11/Apr/2021:04:21:14 +0200] "GET /index.php?s=/Index/\\think\\app/invokefunction&function=call_user_func_array&vars[0]=md5&vars[1][]=HelloThinkPHP21 HTTP/1.1" 302 333 "-" "Mozilla/5.0 (Windows NT 10.0; Win64; x64) AppleWebKit/537.36 (KHTML, like Gecko) Chrome/78.0.3904.108 Safari/537.36"
45.155.205.211 - - [11/Apr/2021:04:21:14 +0200] "GET /console/ HTTP/1.1" 302 217 "-" "Mozilla/5.0 (Windows NT 10.0; Win64; x64) AppleWebKit/537.36 (KHTML, like Gecko) Chrome/78.0.3904.108 Safari/537.36"
45.155.205.211 - - [11/Apr/2021:04:21:14 +0200] "GET /_ignition/execute-solution HTTP/1.1" 302 235 "-" "Mozilla/5.0 (Windows NT 10.0; Win64; x64) AppleWebKit/537.36 (KHTML, like Gecko) Chrome/78.0.3904.108 Safari/537.36"
45.155.205.211 - - [11/Apr/2021:04:21:14 +0200] "POST /Autodiscover/Autodiscover.xml HTTP/1.1" 302 238 "-" "Mozilla/5.0 (Windows NT 10.0; Win64; x64) AppleWebKit/537.36 (KHTML, like Gecko) Chrome/78.0.3904.108 Safari/537.36"
45.155.205.211 - - [11/Apr/2021:04:21:14 +0200] "GET /?XDEBUG_SESSION_START=phpstorm HTTP/1.1" 302 239 "-" "Mozilla/5.0 (Windows NT 10.0; Win64; x64) AppleWebKit/537.36 (KHTML, like Gecko) Chrome/78.0.3904.108 Safari/537.36"
51.38.70.190 - - [11/Apr/2021:04:54:59 +0200] "GET / HTTP/1.1" 301 234 "-" "Mozilla/5.0 (X11; Ubuntu; Linux i686; rv:28.0) Gecko/20100101 Firefox/28.0"
205.185.122.102 - - [11/Apr/2021:05:09:27 +0200] "GET /config/getuser?index=0 HTTP/1.1" 302 231 "-" "Mozilla/5.0 (X11; Ubuntu; Linux x86_64; rv:76.0) Gecko/20100101 Firefox/76.0"
207.46.13.6 - - [11/Apr/2021:05:10:05 +0200] "GET /robots.txt HTTP/1.1" 302 219 "-" "Mozilla/5.0 (compatible; bingbot/2.0; +http://www.bing.com/bingbot.htm)"
13.66.139.40 - - [11/Apr/2021:05:10:14 +0200] "GET / HTTP/1.1" 302 209 "-" "Mozilla/5.0 (compatible; bingbot/2.0; +http://www.bing.com/bingbot.htm)"
45.85.90.147 - - [11/Apr/2021:05:23:46 +0200] "GET / HTTP/1.1" 302 209 "-" "Linux Gnu (cow)"
98.200.254.154 - - [11/Apr/2021:05:45:34 +0200] "GET / HTTP/1.1" 302 209 "-" "-"
103.206.172.168 - - [11/Apr/2021:07:34:44 +0200] "GET / HTTP/1.1" 302 209 "-" "Mozilla/5.0 (Windows NT 6.1; WOW64) AppleWebKit/537.36 (KHTML, like Gecko) Chrome/52.0.2743.116 Safari/537.36"
31.43.233.17 - - [11/Apr/2021:07:55:51 +0200] "GET / HTTP/1.1" 302 209 "-" "Mozilla/5.0 (Windows NT 10.0; WOW64) AppleWebKit/537.36 (KHTML, like Gecko) Chrome/51.0.2704.103 Safari/537.36"
59.30.232.150 - - [11/Apr/2021:07:58:25 +0200] "GET / HTTP/1.0" 302 209 "-" "Mozilla/5.0 (compatible; MSIE 9.0; Windows NT 6.1; WOW64; Trident/5.0)"
188.166.39.60 - - [11/Apr/2021:08:13:31 +0200] "GET / HTTP/1.1" 302 209 "-" "Mozilla/5.0 (compatible; Googlebot/2.1; +http://www.google.com/bot.html)"
139.162.119.197 - - [11/Apr/2021:08:42:55 +0200] "GET / HTTP/1.1" 302 209 "-" "HTTP Banner Detection (https://security.ipip.net)"
138.68.163.48 - - [11/Apr/2021:09:18:08 +0200] "GET / HTTP/1.0" 301 234 "-" "Mozilla/5.0 (Windows NT 10.0; Win64; x64; rv:82.0) Gecko/20100101 Firefox/82.0"
138.68.163.48 - - [11/Apr/2021:09:18:22 +0200] "GET /_ignition/execute-solution HTTP/1.1" 302 235 "-" "python-requests/2.18.4"
23.228.109.147 - - [11/Apr/2021:10:13:23 +0200] "GET /assets/file-uploader/server/php/index.php?file=tx2rghf.jpg HTTP/1.1" 301 292 "http://www.google.com/" "Mozilla/5.0 (Windows NT 6.1; Win64; x64) AppleWebKit/537.36 (KHTML, like Gecko) Chrome/56.0.2896.3 Safari/537.36"
205.185.122.102 - - [11/Apr/2021:10:53:43 +0200] "GET /config/getuser?index=0 HTTP/1.1" 302 231 "-" "Mozilla/5.0 (X11; Ubuntu; Linux x86_64; rv:76.0) Gecko/20100101 Firefox/76.0"
50.31.21.7 - - [11/Apr/2021:10:56:22 +0200] "GET / HTTP/1.0" 301 234 "-" "-"
50.31.21.7 - - [11/Apr/2021:10:58:20 +0200] "GET /nmaplowercheck1618131500 HTTP/1.1" 302 233 "-" "Mozilla/5.0 (Linux; Android 9; SM-G610F) AppleWebKit/537.36 (KHTML, like Gecko) Chrome/84.0.4147.111 Mobile Safari/537.36"
50.31.21.7 - - [11/Apr/2021:10:58:20 +0200] "GET /evox/about HTTP/1.1" 302 219 "-" "Mozilla/5.0 (Linux; Android 9; SM-G610F) AppleWebKit/537.36 (KHTML, like Gecko) Chrome/84.0.4147.111 Mobile Safari/537.36"
50.31.21.7 - - [11/Apr/2021:10:58:21 +0200] "HEAD / HTTP/1.1" 302 - "-" "Mozilla/5.0 (Linux; Android 9; SM-G610F) AppleWebKit/537.36 (KHTML, like Gecko) Chrome/84.0.4147.111 Mobile Safari/537.36"
50.31.21.7 - - [11/Apr/2021:10:58:21 +0200] "GET / HTTP/1.1" 302 209 "-" "Mozilla/5.0 (Linux; Android 9; SM-G610F) AppleWebKit/537.36 (KHTML, like Gecko) Chrome/84.0.4147.111 Mobile Safari/537.36"
50.31.21.7 - - [11/Apr/2021:10:58:22 +0200] "GET /HNAP1 HTTP/1.1" 302 214 "-" "Mozilla/5.0 (Linux; Android 9; SM-G610F) AppleWebKit/537.36 (KHTML, like Gecko) Chrome/84.0.4147.111 Mobile Safari/537.36"
50.31.21.7 - - [11/Apr/2021:10:58:22 +0200] "POST /sdk HTTP/1.1" 302 212 "-" "Mozilla/5.0 (Linux; Android 9; SM-G610F) AppleWebKit/537.36 (KHTML, like Gecko) Chrome/84.0.4147.111 Mobile Safari/537.36"
50.31.21.7 - - [11/Apr/2021:10:58:22 +0200] "GET / HTTP/1.0" 301 234 "-" "-"
50.31.21.7 - - [11/Apr/2021:10:58:22 +0200] "GET / HTTP/1.1" 302 209 "-" "-"
91.244.252.52 - - [11/Apr/2021:12:13:26 +0200] "GET / HTTP/1.1" 302 209 "-" "Mozilla/5.0 (Windows NT 6.1; WOW64) AppleWebKit/537.36 (KHTML, like Gecko) Chrome/51.0.2704.103 Safari/537.36"
193.142.146.84 - - [11/Apr/2021:12:46:39 +0200] "GET / HTTP/1.1" 302 209 "-" "Mozilla/5.0 (X11; Ubuntu; Linux x86_64; rv:76.0) Gecko/20100101 Firefox/76.0"
